52227 and 11?
11
Calculate the greatest common factor of 9860549 and 3.
1
What is the greatest common divisor of 714478698 and 133?
19
What is the highest common divisor of 216 and 4930038?
54
Calculate the greatest common divisor of 123854400 and 4575.
4575
What is the highest common factor of 2166258 and 18?
6
What is the greatest common factor of 63742 and 25578?
406
What is the highest common factor of 7816650 and 93?
93
Calculate the greatest common factor of 18292346 and 36308.
626
What is the highest common factor of 14188291 and 13?
13
Calculate the greatest common divisor of 1270269945 and 405.
405
What is the greatest common factor of 20991619 and 341?
341
What is the greatest common factor of 256925 and 3338950?
1075
Calculate the highest common factor of 1952 and 8009483.
61
What is the highest common divisor of 2549960 and 60760?
1960
Calculate the highest common divisor of 927 and 6677136.
9
Calculate the highest common factor of 147 and 41362881.
21
What is the greatest common factor of 15 and 3593130?
15
What is the greatest common factor of 80 and 33787020?
20
Calculate the greatest common divisor of 390574 and 39298.
802
Calculate the highest common divisor of 524145 and 2658615.
6315
What is the highest common factor of 99091 and 107642?
503
What is the greatest common divisor of 17934625 and 1750?
125
What is the highest common divisor of 256 and 258209888?
32
What is the highest common divisor of 1866 and 30390?
6
What is the greatest common divisor of 58064 and 955?
191
What is the greatest common divisor of 13767 and 36153?
39
What is the highest common factor of 11032 and 8497398?
2758
What is the highest common divisor of 182 and 17619147?
91
What is the highest common divisor of 4216 and 25895819?
31
What is the greatest common factor of 144440 and 16560?
920
Calculate the greatest common divisor of 942 and 63418737.
471
Calculate the greatest common factor of 1350230 and 30.
10
Calculate the greatest common factor of 118247289 and 8070.
807
What is the greatest common factor of 5878 and 183343637?
2939
Calculate the greatest common divisor of 445725 and 1680.
105
Calculate the greatest common factor of 129652 and 4.
4
Calculate the greatest common divisor of 15600 and 386160.
240
Calculate the greatest common divisor of 1390272 and 4288.
64
What is the greatest common factor of 15827 and 25313?
17
Calculate the greatest common factor of 11 and 6281692021.
11
What is the greatest common factor of 4557590 and 3760?
470
Calculate the highest common divisor of 711720 and 856.
8
What is the greatest common divisor of 544 and 2624953?
17
Calculate the highest common divisor of 30 and 49102780.
10
What is the greatest common factor of 1608 and 21832?
8
Calculate the highest common divisor of 51 and 11568959.
17
Calculate the greatest common divisor of 2916186 and 2067.
39
What is the highest common factor of 49 and 5590221?
7
What is the greatest common divisor of 546 and 4570254?
78
Calculate the highest common divisor of 2544 and 147703368.
1272
Calculate the greatest common factor of 144 and 50609634.
6
What is the highest common factor of 462966251 and 22?
11
Calculate the greatest common divisor of 1779179 and 261.
29
Calculate the greatest common divisor of 405897 and 285.
57
What is the greatest common factor of 1990 and 480751165?
995
Calculate the greatest common factor of 2265837 and 420.
21
What is the greatest common divisor of 126154 and 4802?
14
Calculate the greatest common factor of 2796645 and 7770.
555
What is the greatest common divisor of 148 and 5551490804?
148
What is the highest common factor of 669423 and 115089?
681
Calculate the highest common factor of 735 and 3476235.
105
Calculate the highest common factor of 4843 and 412657.
167
What is the greatest common factor of 3621 and 1119450?
51
What is the highest common factor of 17850 and 706265?
595
Calculate the greatest common factor of 26 and 38478216.
2
Calculate the highest common divisor of 8521967 and 79.
79
Calculate the highest common divisor of 48309597 and 774.
387
What is the highest common divisor of 276 and 15984448?
92
Calculate the highest common factor of 1060 and 26465815.
265
Calculate the greatest common divisor of 317100717 and 2532.
633
What is the highest common factor of 27675 and 508113?
1107
What is the highest common factor of 21201408 and 4644?
1548
What is the greatest common factor of 1933109 and 1312?
41
Calculate the greatest common factor of 976278434 and 2372.
1186
What is the greatest common divisor of 128 and 3189668?
4
Calculate the greatest common divisor of 38089538 and 4434.
1478
What is the highest common divisor of 183927894 and 6?
6
What is the highest common divisor of 13611722 and 6487?
499
What is the highest common divisor of 27587091 and 10185?
2037
Calculate the greatest common factor of 14519034 and 18.
18
What is the greatest common divisor of 4698212 and 4544?
284
What is the greatest common factor of 6322072 and 20952?
776
Calculate the highest common factor of 232418 and 1929952.
2942
What is the greatest common factor of 16306 and 21088918?
526
Calculate the greatest common divisor of 5518 and 216938.
62
What is the highest common divisor of 31528 and 10700378?
1126
What is the highest common divisor of 149 and 282333991?
149
What is the greatest common divisor of 1197 and 437730930?
1197
Calculate the greatest common factor of 4313 and 1335814.
19
What is the highest common factor of 900030 and 15618?
114
Calculate the highest common divisor of 481491225 and 27900.
6975
What is the greatest common divisor of 374523004 and 5516?
788
What is the highest common factor of 16897 and 506849?
61
Calculate the greatest common divisor of 3431820 and 180.
60
What is the greatest common factor of 22670 and 25400?
10
Calculate the highest common divisor of 45 and 3013520.
5
What is the highest common divisor of 2456 and 26957670?
614
Calculate the highest common divisor of 43190996 and 388.
388
Calculate the greatest common factor of 1232410 and 2946.
982
What is the greatest common divisor of 37392 and 4512747?
2337
Calculate the greatest common factor of 452 and 103680.
4
What is the highest common divisor of 24307 and 141373?
109
What is the greatest common divisor of 39838022 and 798?
266
What is the highest common factor of 2940720 and 256?
16
What is the highest common factor of 6615 and 23590035?
945
Calculate the greatest common divisor of 9450627 and 7194.
327
Calculate the highest common factor of 32 and 259208616.
8
What is the highest common factor of 74348664 and 52?
52
Calculate the highest common factor of 2660075 and 34595.
935
What is the greatest common factor of 1922323 and 20358?
377
What is the greatest common divisor of 107726 and 13298?
122
What is the greatest common divisor of 920 and 260710?
10
What is the greatest common divisor of 99810 and 5580?
90
Calculate the greatest common divisor of 33120 and 7866720.
1440
What is the greatest common divisor of 2975 and 3621850?
425
What is the highest common divisor of 29415674 and 3?
1
What is the greatest common factor of 1420 and 163553044?
284
What is the greatest common divisor of 502 and 196862563?
251
What is the highest common divisor of 60 and 209287785?
15
What is the greatest common factor of 952 and 1029928?
136
Calculate the greatest common divisor of 184 and 2419712.
8
Calculate the highest common factor of 7440867 and 189.
63
What is the highest common divisor of 13549372 and 772?
772
What is the greatest common factor of 23 and 360486406?
23
Calculate the greatest common divisor of 2980248 and 115.
23
Calculate the highest common divisor of 4533240 and 13875.
555
Calculate the highest common factor of 285 and 734055405.
285
What is the highest common factor of 2150522 and 66?
22
Calculate the greatest common factor of 48426 and 1582.
14
What is the highest common factor of 20505 and 8323663?
1367
Calculate the highest common factor of 207318297 and 4738.
2369
Calculate the greatest common divisor of 42483 and 36939.
21
What is the highest common factor of 60 and 29058440?
20
Calculate the greatest common factor of 448 and 922261888.
64
Calculate the highest common divisor of 170530148 and 6112.
764
What is the highes